 the greatest common factor of 680 and 12.
4
What is the greatest common divisor of 5 and 16085?
5
What is the highest common divisor of 72 and 2304?
72
Calculate the highest common factor of 22 and 363.
11
Calculate the highest common factor of 516 and 336.
12
Calculate the highest common divisor of 996 and 1826.
166
Calculate the highest common divisor of 44 and 1188.
44
Calculate the highest common divisor of 2568 and 120.
24
Calculate the highest common factor of 133 and 7.
7
What is the greatest common divisor of 238 and 2040?
34
What is the greatest common factor of 1938 and 204?
102
Calculate the greatest common divisor of 2047 and 178.
89
What is the greatest common divisor of 7160 and 160?
40
What is the highest common factor of 3984 and 96?
48
What is the highest common divisor of 6800 and 2210?
170
What is the greatest common factor of 387 and 207?
9
What is the greatest common factor of 90 and 198?
18
Calculate the greatest common factor of 406 and 754.
58
Calculate the greatest common factor of 46 and 667.
23
Calculate the greatest common divisor of 46 and 30038.
46
Calculate the highest common divisor of 39 and 65.
13
What is the greatest common divisor of 29 and 725?
29
Calculate the highest common divisor of 860 and 380.
20
What is the highest common factor of 296 and 333?
37
What is the highest common factor of 728 and 8?
8
Calculate the greatest common factor of 574 and 28.
14
Calculate the highest common factor of 20 and 640.
20
What is the greatest common divisor of 3395 and 194?
97
What is the greatest common factor of 10 and 250?
10
What is the highest common factor of 1840 and 1265?
115
Calculate the greatest common factor of 14255 and 5.
5
What is the highest common divisor of 66 and 22?
22
Calculate the greatest common factor of 292 and 18688.
292
What is the greatest common divisor of 94 and 1175?
47
What is the highest common divisor of 187 and 253?
11
Calculate the highest common divisor of 12 and 54.
6
Calculate the greatest common divisor of 348 and 2378.
58
Calculate the greatest common divisor of 260 and 52.
52
Calculate the highest common factor of 47 and 94.
47
What is the greatest common factor of 56 and 4088?
56
Calculate the highest common divisor of 3104 and 48.
16
What is the highest common divisor of 112 and 2800?
112
Calculate the highest common divisor of 13 and 351.
13
What is the greatest common factor of 407 and 148?
37
Calculate the greatest common factor of 63 and 322.
7
What is the greatest common factor of 126 and 4356?
18
What is the highest common divisor of 72 and 6894?
18
What is the greatest common divisor of 380 and 220?
20
What is the greatest common factor of 11 and 1661?
11
What is the highest common factor of 143 and 26?
13
Calculate the greatest common factor of 105 and 60.
15
What is the highest common factor of 15 and 1605?
15
Calculate the highest common factor of 160 and 115.
5
What is the greatest common divisor of 156 and 4524?
156
What is the highest common divisor of 1258 and 74?
74
Calculate the highest common factor of 693 and 88.
11
Calculate the greatest common factor of 58 and 986.
58
What is the greatest common divisor of 481 and 148?
37
Calculate the greatest common factor of 909 and 202.
101
What is the greatest common divisor of 5 and 125?
5
What is the highest common factor of 500 and 55?
5
Calculate the highest common divisor of 1284 and 12.
12
Calculate the highest common divisor of 220 and 1441.
11
What is the highest common divisor of 165 and 45?
15
What is the highest common factor of 120 and 900?
60
What is the highest common factor of 11 and 44?
11
Calculate the greatest common factor of 299 and 138.
23
What is the greatest common divisor of 343 and 7?
7
Calculate the highest common divisor of 97 and 873.
97
Calculate the highest common factor of 19 and 893.
19
Calculate the highest common factor of 583 and 1661.
11
What is the highest common factor of 21 and 7?
7
What is the highest common factor of 363 and 55?
11
Calculate the greatest common factor of 576 and 18.
18
What is the greatest common factor of 35 and 161?
7
Calculate the highest common factor of 12 and 10944.
12
Calculate the greatest common factor of 2139 and 1587.
69
Calculate the highest common factor of 855 and 75.
15
Calculate the greatest common divisor of 187 and 22.
11
What is the highest common factor of 44403 and 19?
19
Calculate the highest common divisor of 70 and 14.
14
What is the greatest common divisor of 539 and 319?
11
Calculate the highest common divisor of 48 and 48.
48
What is the greatest common factor of 264 and 176?
88
Calculate the greatest common factor of 5 and 95.
5
What is the greatest common factor of 6256 and 408?
136
Calculate the greatest common divisor of 22 and 1012.
22
What is the highest common divisor of 1773 and 27?
9
Calculate the highest common divisor of 103 and 4.
1
What is the highest common factor of 1378 and 130?
26
Calculate the highest common factor of 8 and 100.
4
Calculate the greatest common divisor of 126 and 540.
18
What is the greatest common divisor of 12 and 24528?
12
Calculate the greatest common divisor of 635 and 7747.
127
What is the highest common factor of 28 and 35?
7
Calculate the greatest common divisor of 1403 and 138.
23
What is the highest common divisor of 1900 and 50?
50
Calculate the greatest common divisor of 162 and 36.
18
What is the greatest common divisor of 242 and 110?
22
Calculate the greatest common factor of 868 and 1116.
124
What is the highest common factor of 204 and 588?
12
Calculate the highest common divisor of 336 and 12.
12
Calculate the highest common factor of 139726 and 38.
38
Calculate the highest common divisor of 4242 and 28.
14
Calculate the greatest common divisor of 594 and 1917.
27
What is the highest common factor of 686 and 868?
14
Calculate the highest common factor of 31 and 44981.
31
What is the greatest common factor of 30 and 96?
6
What is the greatest common divisor of 30 and 695?
5
Calculate the highest common divisor of 17 and 81.
1
What is the greatest common divisor of 870 and 120?
30
What is the greatest common factor of 1065 and 45?
15
Calculate the highest common divisor of 12 and 54.
6
What is the highest common divisor of 160 and 20?
20
Calculate the greatest common divisor of 511 and 7.
7
Calculate the greatest common factor of 18 and 27.
9
Calculate the highest common divisor of 1448 and 24.
8
What is the greatest common factor of 2501 and 61?
61
Calculate the highest common factor of 76 and 44.
4
Calculate the highest common divisor of 1679 and 368.
23
Calculate the highest common divisor of 198 and 286.
22
What is the highest common factor of 26 and 416?
26
Calculate the greatest common divisor of 1145 and 5.
5
Calculate the highest common factor of 305 and 61.
61
What is the greatest common divisor of 1005 and 1809?
201
Calculate the highest common factor of 936 and 221.
13
What is the greatest common factor of 164 and 2542?
82
What is the greatest common divisor of 97 and 485?
97
Calculate the highest common factor of 84 and 564.
12
What is the greatest common divisor of 7490 and 14?
14
What is the greatest common factor of 10 and 230?
10
What is the greatest common factor of 45 and 4383?
9
Calculate the greatest common factor of 265 and 40.
5
Calculate the highest common divisor of 15 and 2118.
3
Calculate the greatest common factor of 245 and 70.
35
Calculate the greatest common factor of 496 and 640.
16
What is the greatest common divisor of 140 and 7210?
70
What is the greatest common divisor of 36 and 27036?
36
Calculate the highest common factor of 6190 and 20.
10
What is the greatest common factor of 459 and 837?
27
What is the highest common factor of 2613 and 39?
39
Calculate the highest common divisor of 29353 and 788.
197
What is the highest common factor of 5776 and 16?
16
Calculate the greatest common divisor of 29893 and 167.
167
What is the greatest common factor of 35560 and 80?
40
What is the highest common factor of 21 and 46011?
21
What is the greatest common factor of 50 and 350?
50
What is the highest common factor of 168 and 5964?
84
What is the highest common divisor of 21 and 378?
21
What is the greatest common factor of 150 and 2450?
50
What is the